**2 + 680*c - 5696. Give w(8).
0
Let k(g) = -g**3 + 209*g + 1053. Determine k(-5).
133
Let r(i) = 10*i**2 + 94*i - 69. Give r(-11).
107
Let c(p) = 36*p**3 - 1585*p**2 + 51*p - 289. What is c(44)?
19
Let o(l) = -7*l**2 + 274*l - 13. Determine o(38).
291
Let c(r) = 4*r**3 - 31*r**2 - 12*r + 3. What is c(8)?
-29
Let u(g) = -g**2 - 60*g + 1654. Give u(20).
54
Let r(l) = -l**3 - 26*l**2 - 75*l. What is r(-3)?
18
Let g(y) = -y**2 - 106*y + 2828. Calculate g(22).
12
Let f(l) = l**3 + 253*l**2 - 3166*l + 3716. Calculate f(-265).
6
Let z(y) = 1207*y - 3649. Determine z(3).
-28
Let h(t) = -37*t + 233. Determine h(11).
-174
Let m(f) = 98*f**3 + 398*f**2 + 9*f + 9. Determine m(-4).
69
Let m(i) = i**3 - 14*i**2 - 42*i + 147. Calculate m(16).
-13
Let f(h) = h**2 - 51*h - 3246. Calculate f(-37).
10
Let o(y) = -23*y - 67. What is o(-18)?
347
Let o(k) = -k**2 + 311*k - 3821. Give o(13).
53
Let p(c) = 6*c**3 + 46*c**2 - 19*c - 2. Determine p(-8).
22
Let s(a) = -3*a**2 - 97*a - 352. Give s(-4).
-12
Let d(o) = 514*o - 3081. What is d(6)?
3
Let z(v) = -2*v**2 + 21*v - 182. Calculate z(9).
-155
Let a(g) = -3*g - 114. Give a(-24).
-42
Let t(c) = c**3 + 20*c**2 + 46*c - 44. Determine t(-17).
41
Let s(r) = 80*r + 1044. Determine s(-13).
4
Let m(t) = -5*t**3 + 2*t**2 - 6*t + 13. Determine m(2).
-31
Let z(o) = 10*o**2 - 24*o - 322. What is z(7)?
0
Let y(o) = 3*o + 87. What is y(-29)?
0
Let y(v) = -7061*v + 3. Determine y(0).
3
Let v(d) = 7*d + 68. Give v(6).
110
Let h(r) = 138*r**3 + 3865*r**2 + 28*r - 2. Determine h(-28).
-2
Let w(h) = 66*h - 4282. Determine w(65).
8
Let o(b) = 75*b + 3205. Give o(-43).
-20
Let l(d) = -1383*d + 820. Determine l(1).
-563
Let k(n) = n**3 - 23*n**2 - 537*n + 709. Calculate k(37).
6
Let a(f) = -f**3 - 4*f**2 + 5*f + 11. What is a(2)?
-3
Let u(g) = g**3 + 34*g**2 - 155*g - 4228. Determine u(-35).
-28
Let k(q) = 252*q - 59206. Give k(235).
14
Let m(w) = -298*w + 900. Determine m(3).
6
Let p(g) = g**2 - 126*g + 4011. Determine p(67).
58
Let o(q) = -2*q**3 - 5*q**2 - 52*q - 138. Calculate o(-3).
27
Let p(a) = 6*a**2 + 394*a - 244. What is p(-67)?
292
Let u(p) = -2*p**3 - 13*p**2 - 27*p - 224. What is u(-7)?
14
Let o(n) = n**2 - 89. Calculate o(-10).
11
Let v(m) = 2*m**3 + 65*m**2 + 147*m - 79. Give v(-30).
11
Let i(h) = h**2 - 285*h - 4507. Determine i(-15).
-7
Let w(h) = 2*h**3 + 87*h**2 + 46*h + 115. Calculate w(-43).
-14
Let k(x) = -x**3 - 30*x**2 - 178*x - 263. What is k(-5)?
2
Let k(a) = 370*a + 8472. Determine k(-23).
-38
Let z(b) = 149*b**3 - 2*b**2 - 8*b + 9. Give z(1).
148
Let y(h) = -417*h + 528. Determine y(1).
111
Let f(u) = -u**3 - 30*u**2 + 13. What is f(0)?
13
Let z(k) = k**3 + 30*k**2 + 18*k + 46. Give z(-30).
-494
Let g(s) = -s**3 + 28*s**2 + 252*s - 233. Calculate g(35).
12
Let f(k) = -k**3 + 7*k**2 + 15*k - 38. What is f(5)?
87
Let r(k) = k**3 + 62*k**2 - 126*k + 84. Give r(-64).
-44
Let k(y) = -16*y - 339. Give k(-17).
-67
Let q(o) = 7*o**2 + 446*o + 12. Give q(0).
12
Let w(a) = 30*a - 443. Give w(-9).
-713
Let p(c) = -c**2 - 117*c + 2121. Calculate p(16).
-7
Let q(o) = -12*o**2 + 752*o + 267. Determine q(63).
15
Let k(j) = j**2 - 8*j - 28. What is k(17)?
125
Let y(n) = -n**2 + 40*n - 163. Determine y(26).
201
Let o(n) = 9*n - 160. Calculate o(7).
-97
Let t(r) = 20*r - 2094. Calculate t(105).
6
Let j(p) = -3*p**2 + 167*p + 582. Calculate j(59).
-8
Let x(y) = y**3 + 15*y**2 + 69*y + 820. Determine x(-14).
50
Let v(t) = 2*t**2 + 122*t - 643. What is v(5)?
17
Let f(s) = 2*s**3 + 31*s**2 + 35*s - 33. Determine f(-14).
65
Let u(f) = 2*f - 37. What is u(9)?
-19
Let f(g) = 17*g + 9. Determine f(6).
111
Let y(s) = 832*s + 44930. Give y(-54).
2
Let x(z) = 30*z - 132. Give x(5).
18
Let d(h) = 2*h**3 + 29*h**2 + 21*h - 34. Calculate d(-14).
-132
Let x(z) = 10*z + 227. Calculate x(-16).
67
Let f(u) = -2*u**3 + 35*u**2 - 12*u - 62. Determine f(17).
23
Let d(a) = 4*a**2 - 118*a + 109. Calculate d(29).
51
Let x(r) = 77*r - 171. What is x(2)?
-17
Let l(q) = -9*q**2 + 721*q + 668. Give l(81).
20
Let z(d) = d**3 - 13*d**2 + 2*d + 305. What is z(8)?
1
Let v(i) = -3*i**3 - 55*i**2 - 11*i + 35. Calculate v(-18).
-91
Let q(c) = -c**3 + 21*c**2 + 533*c + 247. Give q(36).
-5
Let c(h) = 5*h**2 + 33*h - 26. Give c(-7).
-12
Let h(m) = -43*m**2 + 123*m + 810. Determine h(6).
0
Let a(w) = -86*w - 772. What is a(-7)?
-170
Let i(t) = 5*t**2 - 157*t - 44. Determine i(32).
52
Let a(s) = -s**3 + 194*s**2 + 2690*s + 222. Determine a(207).
15
Let l(i) = 113*i + 2851. Determine l(-24).
139
Let c(t) = -2*t**3 - t**2 + 36*t - 54. Determine c(0).
-54
Let l(s) = 3*s**2 + 237*s + 3027. What is l(-16)?
3
Let j(h) = -6*h**3 + 22*h**2 + 26*h - 11. Give j(5).
-81
Let v(f) = -f**2 + 2*f + 2909. Calculate v(55).
-6
Let s(q) = 3*q**2 - 71*q + 53. Determine s(23).
7
Let p(n) = 2*n - 79. Give p(45).
11
Let h(i) = -i**2 - 44*i - 688. Give h(-38).
-460
Let k(r) = r**3 + 35*r**2 + 64*r - 101. Determine k(-33).
-35
Let c(u) = 73*u**2 - 6*u - 21. What is c(-2)?
283
Let w(z) = 326*z - 732. What is w(2)?
-80
Let v(d) = 180*d**2 - 40*d - 39. What is v(-1)?
181
Let l(b) = -686*b + 7553. What is l(11)?
7
Let z(n) = n**3 - 13*n**2 - 8*n + 19. What is z(14)?
103
Let m(g) = 2*g**2 + 58*g - 49. Give m(-30).
11
Let t(f) = 2*f**3 - 11*f**2 - 391*f - 15. What is t(17)?
-15
Let j(k) = -2*k**2 - 162*k - 808. Give j(-76).
-48
Let s(r) = -5*r**2 - 14*r - 23. Calculate s(-3).
-26
Let s(z) = -2*z**3 + 7*z**2 - 2*z - 87. What is s(7)?
-444
Let d(i) = -40*i**3 + 2. Give d(1).
-38
Let q(p) = -p**2 - 44*p - 314. Calculate q(-35).
1
Let w(p) = -p**2 - 59*p - 135. Give w(-55).
85
Let p(l) = 1465*l + 20508. Calculate p(-14).
-2
Let b(s) = -s**2 - 36*s - 300. Calculate b(-15).
15
Let d(z) = 113*z - 2713. Give d(24).
-1
Let p(f) = f**3 + 9*f**2 - 25*f - 37. Determine p(-11).
-4
Let b(d) = -18*d + 138. Determine b(6).
30
Let n(z) = z**3 + 16*z**2 + 16*z + 195. Give n(-8).
579
Let n(a) = 2*a**2 - 919*a + 1834. Determine n(2).
4
Let i(d) = -d**3 + 15*d**2 + 8*d + 23. Give i(15).
143
Let d(i) = -8*i**3 + 50*i**2 - 14*i + 9. Give d(6).
-3
Let k(o) = 3*o**2 + 420*o - 2635. What is k(-146)?
-7
Let l(d) = 125*d + 491. Calculate l(-8).
-509
Let o(j) = -2*j**2 + 11*j + 167. Calculate o(-9).
-94
Let q(f) = -f**2 - 16*f + 299. Calculate q(10).
39
Let b(w) = -113*w - 1482. Give b(-14).
100
Let n(u) = u**3 + 55*u**2 - 184*u - 3984. Calculate n(-57).
6
Let w(a) = -26*a - 456. Determine w(-17).
-14
Let a(d) = -2*d**3 + 8*d**2 + 7*d - 5. Determine a(6).
-107
Let l(j) = -116*j + 2556. Calculate l(22).
4
Let q(s) = -2*s**3 - 157*s**2 - 378*s - 89. Calculate q(-76).
-241
Let z(f) = 7*f**2 + 313*f - 121. Give z(-45).
-31
Let o(f) = -2*f**2 - 9*f - 2. Determine o(-3).
7
Let j(y) = 7*y**3 + 10*y**2 - 38*y - 5. Give j(-3).
10
Let r(g) = 7*g**2 - 12*g - 1. Give r(4).
63
Let t(w) = 123*w + 2217. Calculate t(-17).
126
Let i(h) = -7*h**2 + 20*h + 76. Determine i(-3).
-47
Let u(d) = 94*d + 4706. Calculate u(-50).
6
Let n(k) = -312*k + 16848. Calculate n(54).
0
Let l(f) = 2*f**3 - 15*f**2 - 28*f - 3. Give l(-2).
-23
Let d(t) = t**3 - 22*t**2 - 204*t - 229. Calculate d(-6).
-13
Let q(u) = 26*u**2 - 53*u - 5. Give q(2).
-7
Let v(p) = -p**3 - 69*p**2 - 69*p - 95. Calculate v(-68).
-27
Let f(p) = -p**3 + 7*p**2 + 1937*p - 15432. Give f(8).
0
Let i(d) = 7*d**2 + 13*d - 13. What is i(6)?
317
Let b(k) = -8*k**3 - 41*k**2 - 7*k + 9. Give b(-5).
19
Let v(u) = 7*u - 183. Determine v(17).
-64
Let a(b) = -b**3 - 10*b**2 - 91*b - 488. Give a(-7).
2
Let k(o) = 6*o**2 + 123*o + 73. Determine k(-20).
13
Let f(a) = a**3 + 8*a**2 - 2*a - 2. What is f(-7)?
61
Let k(c) = 65*c - 710. Determine k(11).
5
Let n(q) = q**3 - 186*q**2 + 726*q + 355. Calculate n(182).
-9
Let b(m) = -m**3 + m**2 + 4*m + 6. Determine b(0).
6
Let r(t) = -33*t - 487. Determine r(-13).
-58
Let h(t) = t**3 + 100*t**2 - 203*t + 110. Give h(-102).
8
Let x(i) = i**3 + 59*i**2 - 110*i + 668. What is x(-61)?
-64
Let w(s) = 314*s + 4415. What is w(-14)?
19
Let x(o) = -o**3 + 171*o**2 + 349*o + 3. Determine x(-2).
-3
Let y(p) = 7*p**2 - 40*p - 104. Give y(8).
24
Let i(j) = -3*j**2 + 95*j + 63. Calculate i(32).
31
Let x(g) = g**3 + 12*g**2 + 19*g + 25. What is x(-7)?
137
Let c(w) = 9*w**2 - 244*w + 27. Determine c(27).
0
Let t(d) = d**3 + 123*d**2 - 109*d + 1854. Determine t(-124).
-6
Le